t n be 489/9 - (-3)/(-9). Let a be n - (-1 + 0 + 2). Suppose -t = 4*d - a, 0*d + 35 = 5*d - 5*t. Is 6 a factor of d?
True
Let p be ((-35)/(-20))/(1/(-4)). Let a = 3 - p. Is a a multiple of 8?
False
Let d(q) = -43*q + 10. Let c be d(12). Is 21 a factor of c/33*(-18)/4?
False
Is 7 a factor of (31671/(-18))/(-17) + 6/4?
True
Suppose -4*s - 3*c - 2*c = -220, s = c + 46. Is s a multiple of 25?
True
Suppose -n - 8 = 3*n. Is 2 - (4 + n) - -6 a multiple of 3?
True
Let o = 70 + -36. Suppose -o = -3*j + j. Does 6 divide j?
False
Suppose 0 = -7*u + 2*u. Suppose 0 = 2*g + k - 31, u*g - g = k - 16. Suppose -g = -2*r + 21. Does 9 divide r?
True
Let v = 1 - -1. Suppose -4*f + 2 = -v*g, g + 3 = 3*f + 4. Is f + (-27)/(-1) + -2 a multiple of 23?
True
Let h(k) = -k**2 - 15*k - 12. Is 14 a factor of h(-13)?
True
Let r = 748 + -462. Is 36 a factor of r?
False
Let u = -38 - -65. Is u a multiple of 15?
False
Let n(p) = p**2 - 6*p + 4. Let c be n(6). Let i be (-20)/(-9) + c/(-18). Suppose 8 = -q + i*q. Does 5 divide q?
False
Is ((-24)/(-5))/((-6)/(-60)) a multiple of 12?
True
Let p(r) = -r**2 + 8*r + 31. Is p(9) a multiple of 7?
False
Suppose 26 = -5*s + 4*s. Let d = s + 68. Is d a multiple of 19?
False
Let l(z) = z**2 + 3*z + 2. Let a be l(5). Suppose i + 150 = -4*i. Let s = a + i. Is s a multiple of 5?
False
Let q(l) = 3*l**2 - 4*l + 2. Let o be q(2). Let z(u) = -u**2 + 7*u + 1. Is z(o) a multiple of 2?
False
Suppose -5*b = 20, -d - 3*b = -3*d + 4. Let f = d - -7. Is 19/f - (-4)/(-12) a multiple of 4?
False
Let t = -186 + 372. Does 10 divide t?
False
Suppose -16 - 16 = -2*s. Suppose w = -j + 7, -w - 4*j + s = -3*w. Let o = 5 - w. Is o a multiple of 3?
True
Let z be 10/5*(-6)/(-4). Suppose -2*b - f - 4*f = -36, -z*f + 6 = 0. Is 7 a factor of b?
False
Let s be 3/(-5) + (-6)/(-10). Suppose s = -2*r + 33 + 43. Does 19 divide r?
True
Does 5 divide 18/(-45) + 27/5?
True
Is (-147)/(-6)*2 - 3 a multiple of 14?
False
Let u = 9 + -5. Suppose -3*g + 4*m = 7, g + u + 1 = 4*m. Does 10 divide g - (-26 + 2 + -2)?
False
Suppose 3*b = -2*i + 15, 4*i + b - 3*b = -10. Suppose 4*z - 5*a - 6 = i, -4*z + 14 = -0*a - a. Does 16 divide (-126)/(-4) + 2/z?
True
Let i(p) = 2*p + p + 0*p**3 - p**3 - 4*p + 13. Is i(0) a multiple of 13?
True
Is 20 a factor of 2 + (-8)/5 - 8376/(-60)?
True
Let x be 5 + 3/((-3)/2). Let p(a) = -a**3 + 4*a**2 + 2*a - 3. Does 3 divide p(x)?
True
Suppose -l = l. Suppose 2*h + 3*y - 125 + 50 = l, 2*h - 2*y - 60 = 0. Is h a multiple of 14?
False
Let z be 0*2/(-4) - 24. Let l be (-15)/40 + (-186)/16. Let j = l - z. Is j a multiple of 12?
True
Suppose -1 = 5*s - 16. Suppose 5*v - 25 - 66 = s*o, -2*o + 5*v - 69 = 0. Let t = o - -38. Does 8 divide t?
True
Suppose 4*n + 6 = 62. Is 3 a factor of n?
False
Let j(r) = 9*r**2 + 2*r - 3. Let a(c) = 19*c**2 + 5*c - 7. Let i(d) = -6*a(d) + 13*j(d). Is i(3) a multiple of 18?
True
Suppose 4*a = -3*c + 2, -2*c + 4 = -2*a - 2. Suppose -3*o + 26 = c*q, -4*o + 3*q + 6 = -o. Is o even?
True
Is 8 a factor of 1 - (8*-2 - (-3 - -1))?
False
Let u(s) = 0*s + 0*s**2 - 10 + 5*s - 2*s**2 + 3*s**2. Let g be u(-7). Suppose q + 105 = g*q. Is q a multiple of 14?
False
Let l be (-2 + 2)/2 + 0. Let g = 31 - l. Suppose -2*i + 95 = g. Is i a multiple of 16?
True
Suppose -4*u = 4*f - 580, 2*f + 87 + 348 = 3*u. Suppose n - 4*g + u = 6*n, 2*n - 3*g - 35 = 0. Suppose -4*a = -3 - 1, 5*a - n = -2*x. Does 10 divide x?
True
Let h(d) be the first derivative of 2*d**3/3 + 3*d**2 - 2*d - 2. Is 18 a factor of h(-5)?
True
Is 62/(-2)*10/(-2) a multiple of 31?
True
Let v be -1 - (3 + 0 + -6). Suppose -v*u = 20 - 52. Does 16 divide u?
True
Suppose 4*p - 271 = i - 51, -2*p + 3*i + 120 = 0. Does 5 divide p?
False
Let d be (92/(-10))/(1/(-5)). Let s = -23 + d. Suppose s + 1 = 3*l. Does 8 divide l?
True
Let y(c) = -c**3 + 4*c**2 + 7*c - 2. Let t be y(5). Let u be ((-116)/t)/(2/(-4)). Suppose p = u - 11. Does 6 divide p?
True
Suppose -2*b + 59 = -93. Is b a multiple of 20?
False
Suppose -5*i = 4*b - 700, i - 4*b - 140 = -0*i. Is i a multiple of 28?
True
Let m(b) = -b**2 + b + 150. Let h be m(0). Does 12 divide h/5*2/5?
True
Let i be (1 - 2) + 0 + -8. Is 51/(-4*i/24) a multiple of 17?
True
Let s(o) be the second derivative of -o**3/6 - 4*o. Let q be s(-3). Suppose -135 = -4*j + q*t, 4*t - 7 - 5 = 0. Is 14 a factor of j?
False
Suppose -5*y - 7 = 13. Let k = y - -7. Suppose -6*o + 186 = -k*o. Is o a multiple of 16?
False
Let j(r) be the first derivative of -15*r**2/2 + 19*r - 1. Let b(g) = 7*g - 9. Let v(n) = 9*b(n) + 4*j(n). Is v(4) a multiple of 2?
False
Suppose -4*h + 5*h - 9 = 0. Does 2 divide h?
False
Let s(l) = -l**3 - 4*l**2 + 4*l - 6. Let r be s(-5). Let q be -1 - -3 - (-10)/r. Let g = 17 + q. Is g a multiple of 9?
True
Let n(y) = y**3 + 4*y**2 + 3*y - 2. Let r be n(-3). Let c be r - 1 - (-7 - 3). Suppose -4*j - 24 = -c*j. Is j a multiple of 4?
True
Suppose -2 = 5*g - 2*o + 44, 2*g - o + 18 = 0. Suppose 31 = 2*f - 5. Let h = g + f. Is 8 a factor of h?
True
Let n(c) = -c**2 - 20*c - 7. Does 9 divide n(-8)?
False
Suppose 290 = 15*c - 520. Is c a multiple of 27?
True
Let t be (3 - 4)/1*2. Let r be 2/(1/(0 + t)). Is 3/((-7)/r + -1) even?
True
Suppose -f + 2 + 2 = 0. Suppose 4 = 2*a - 0*a. Suppose 5*u - 37 = -4*q, 0 = f*u + a*q - 0*q - 26. Is u a multiple of 3?
False
Let d be (-30)/5 + 6/2. Is 1*(d/1 + 18) a multiple of 13?
False
Let f(o) = -21*o**2 - o. Suppose -2*z = 2*z - g + 1, -3*z - g = -8. Let h be f(z). Let s = h + 49. Is 9 a factor of s?
True
Let h(b) = 2*b - 9. Let i be h(7). Is i/(-1)*21/(-7) a multiple of 15?
True
Let k(r) = 20*r**2 + 2*r + 3*r - 3*r + 1. Let c = -17 - -16. Does 12 divide k(c)?
False
Let f(o) = o**3 - o**2 + o + 12. Let b be f(-4). Suppose 2*u = -8, 0*w - 5*w = 2*u - 532. Let p = b + w. Is 11 a factor of p?
False
Suppose -37 = -4*c + 11. Is 5 a factor of c?
False
Let b be 28/(-3) + (-3)/(-9). Let s = -5 - b. Suppose -s*y = -6*y + 28. Is 14 a factor of y?
True
Let m(r) = 2*r - 7. Let x = -51 - -86. Suppose 0 = -0*y + 5*y - x. Is m(y) a multiple of 6?
False
Suppose -2*m - 3 - 1 = 0. Let y be (m/(-4))/(1/(-42)). Is (-3 - 33/y)*-7 a multiple of 10?
True
Suppose -74 = -4*i + 2*r - 4*r, 2*r + 97 = 5*i. Suppose -3*m - 3*w + i = -2*w, 4*m - 25 = -w. Is 6 a factor of m?
True
Suppose -b = -4*b. Suppose b = -2*j + 59 - 1. Is 6 a factor of j?
False
Let o be (-7)/(-1)*(-2 + 1). Let g = o - -8. Is 12 a factor of 38 - ((g - 0) + 1)?
True
Let h = 481 + -330. Does 16 divide h?
False
Let k = -22 - -31. Let n = -4 + k. Let l = 9 - n. Does 3 divide l?
False
Suppose t - 27 + 7 = 0. Does 20 divide t?
True
Let o be (1 + (0 - 1))/(-2). Suppose o = -3*c - c - 160. Does 3 divide (-10)/(-35) - c/7?
True
Suppose 0*n = -n - 2*l - 28, -4*l = -5*n - 112. Let b = 54 + n. Suppose 3*k = -0*k - 5*i + b, 5*i = -4*k + 35. Is k a multiple of 2?
False
Let z(n) = -4*n + 2. Let k = 2 + -6. Is 6 a factor of z(k)?
True
Let p = -155 - -77. Let q = -55 - p. Does 12 divide q?
False
Is (-1)/2*-2*101 a multiple of 11?
False
Let y = 18 - 26. Let w = 16 + y. Let a = 16 - w. Does 8 divide a?
True
Suppose 5*w = 20, -w = l - 2*w - 30. Is 16 a factor of l?
False
Suppose 3*f - 49 + 7 = 0. Does 14 divide f?
True
Suppose -46 = -2*i + 4*m, -4*i + 2*m + 16 = -52. Is 15 a factor of i?
True
Let q = -15 - -19. Suppose -4*y + 21 + 163 = -4*w, -4*y + 168 = q*w. Is 17 a factor of y?
False
Suppose -5*v = -p - 0*p - 22, 5*p - 3*v = 0. Suppose 132 = -0*l - p*l. Let n = l + 66. Does 11 divide n?
True
Let l(a) = a**3 - 6*a**2 + 2*a + 12. Is l(7) a multiple of 17?
False
Let u = 2 + -1. Suppose -3 = -2*p + u. Suppose 72 = 2*z + p*z. Does 16 divide z?
False
Let v be (-3)/(-1 + 0/(-1)). Suppose -v*t + 41 = -4*l, 0*l = t + 2*l - 17. Is 204/t + 2/5 a multiple of 6?
False
Suppose -2*h = -0*h - 6. Suppose 2*u - h*i + 5*i = 88, -u + 44 = -3*i. Is u a multiple of 13?
False
Let n = 42 + 55. Suppose -5*i + n = -73. Is i a multiple of 17?
True
Suppose -3*f - 5*h = 31, 5*f - 6*h = -5*h - 33. Let o(y) = 11*y - 6*y - 7*y - 7. Does 3 divide o(f)?
False
Suppose 4*r - 2*b - 328 = 0, -3*b + 5*b = -4*r + 344. Is r a multiple of 54?
False
Suppose -4*v + 58 = p - 0*v, 4*v + 104 = 2*p. Does 14 divide p?
False
Let i = -134 - -195. Let m = -37 + i. Does 22 divide m?
False
Let k(m) = -4*m - 11. Does 10 divide k(-8)?
False
Suppose 0 = f 